f v and 2.
1
Let u be -8*(1 + 15/(-6)). Let s be 4/u + (-114)/(-9). Suppose 49*a = 73*a - 4056. Calculate the greatest common divisor of a and s.
13
Let i = -39 - -61. Suppose -14*q = -i*q + 32. What is the highest common factor of q and 6?
2
Let d(y) = -y**2 + 6*y + 23. Let v(n) = -n**2 - 3*n + 18. Let m be v(-5). Let k be d(m). Suppose -c - k = -19. What is the highest common factor of 108 and c?
12
Let x be 1/(-4) - (-17)/4. Let j be -13 - (-649 - 6) - (10 - -4). Calculate the greatest common divisor of j and x.
4
Suppose 0 = -2*m + 14 + 4. Suppose 0 = -7*z - 96 + 12. Let h be 2910/36 - 2/z. Calculate the greatest common divisor of h and m.
9
Suppose 685 = 17*t - 8*t - 71. What is the highest common divisor of t and 819?
21
Let o(w) = 4*w - 54. Let a = -94 + 98. Suppose -c = -a*c + 42. Let s be o(c). What is the highest common factor of s and 2?
2
Let f(t) = -t**2 - 12*t - 19. Let b be f(-10). Suppose 4*p - 7 = -3. Calculate the greatest common factor of p and b.
1
Suppose 183*c = 42*c + 15298 + 7403. What is the highest common factor of 3151 and c?
23
Let y(f) = -f**3 + 10*f**2 + 6*f - 14. Let n be y(10). Suppose 449 = 5*r + 149. Let z = r - n. Calculate the greatest common divisor of 7 and z.
7
Let k(s) = -12*s + 60. Let y be k(4). Suppose 2 + 118 = y*o. Suppose -2*l = -26 - 24. What is the greatest common divisor of o and l?
5
Suppose -1 = -2*h - 5, -3*c + 554 = -4*h. Suppose 0 = -0*b - 4*b - 40. Let g be (-39)/(-6)*b*(-12)/30. What is the highest common factor of c and g?
26
Let j be ((-65)/(5 + 0))/(-1). Let b = 17 + j. Let c = 38 - b. What is the greatest common factor of c and 6?
2
Let v(k) = -7*k + 134. Let z be v(13). Suppose -2*n + q + 782 = 5*q, 0 = 5*n + 2*q - 1939. What is the highest common factor of z and n?
43
Let v be (36/14)/((-1185)/(-276500)). What is the greatest common divisor of v and 4650?
150
Let v be (31 + -25)*((-6101)/(-2) - 1). What is the highest common divisor of 171 and v?
171
Let k(u) = -u**2 + 25. Let i be k(-5). Suppose 4*z - 2 = -2*c, 3*c + i*z + 2*z - 7 = 0. What is the greatest common divisor of 11 and c?
1
Suppose 4 = 23*u - 21*u. Suppose -5*i = -i + 3*m - 45, -u*m - 26 = -2*i. What is the highest common factor of i and 15?
3
Let p be 2 + (0/3 - (2 + -376)). Suppose -5*n - p = -3*x + 97, 4*n = x - 153. What is the highest common factor of x and 7?
7
Let j(o) = 6*o**2 + 41*o - 16. Suppose 2*r + 2*l = l - 18, 2*r = 4*l - 8. Let f be j(r). What is the highest common factor of 16 and f?
8
Let b = -3402 + 3915. Calculate the greatest common factor of b and 27.
27
Suppose 1280 = 6*v + 2*p, -p = 4*v - 6*v + 420. What is the highest common divisor of v and 1325?
53
Let f be (390/(-10))/(-13) - (-1 - 50). Let a = 2 - 0. Calculate the greatest common factor of a and f.
2
Suppose -20*b + 5*v = -16*b - 117, 0 = 11*b - 4*v - 312. Calculate the greatest common factor of 13370 and b.
14
Let j = -66 + 54. Let n be 220/(-32)*-6 - j/16. Calculate the highest common divisor of 294 and n.
42
Let x(w) = -w**3 - 9*w**2 - 20*w + 14. Let p be x(-7). Suppose -50*z - 240 = -p*z. What is the highest common factor of z and 280?
40
Suppose 0 = -182*j + 187*j + 20, 5*j = w - 66. What is the greatest common factor of 506 and w?
46
Let o = -299 + 322. Suppose -38019 = -37*g + 13892. Calculate the highest common divisor of g and o.
23
Let x be 30/465 + (-80)/155*556/(-16). Suppose -2*y - y = -6. Let u be 7 + -2*1/y. What is the greatest common factor of u and x?
6
Suppose -62*h = -58*h - 764. Let g = h - 140. What is the highest common divisor of g and 561?
51
Let f = 3889 - 3645. Calculate the highest common factor of 793 and f.
61
Let u be 42/(4*12/112). Suppose 9*n + 139 = 391. Calculate the greatest common factor of u and n.
14
Let u(l) = -7*l + 38 + 8 - 17. Let z(f) = 2*f**3 + 21*f**2 + 11*f + 3. Let p be z(-10). Let t be u(p). Calculate the highest common factor of 39 and t.
39
Let w(h) = -133*h**3 + 7*h**2 + 8*h - 13. Let u be w(-5). Suppose u + 2207 = 27*g. Calculate the highest common factor of g and 54.
54
Let b(s) = 116*s + 72. Let q be b(5). Let l = q - 643. What is the greatest common divisor of 459 and l?
9
Suppose -3519*d + 3476*d + 2580 = 0. Calculate the highest common divisor of 3684 and d.
12
Suppose 40*w - 34*w - 672 = 0. Let h = w - 52. Let d(k) = -k**3 + k**2 + k + 2. Let b be d(-2). What is the highest common factor of h and b?
12
Let i = 804 + -271. Suppose 3*r - 709 - i = 0. What is the greatest common divisor of r and 46?
46
Let l = 2465 + -2360. What is the highest common factor of 285 and l?
15
Suppose -20130*h - 7 = -20131*h. What is the greatest common factor of h and 87?
1
Let p(f) = 4*f**2 + 3*f + 4. Let t(u) = 5*u**2 + u + 5. Let q(i) = 6*p(i) - 5*t(i). Let s be q(12). What is the greatest common factor of s and 44?
11
Let d be (-2)/3*(-84)/8. Let t be d + (-2 - (-48)/8). What is the highest common divisor of t and 704?
11
Let r = -529 + 757. Let o = 192 - 180. What is the greatest common divisor of o and r?
12
Suppose r + r = 68. Let s = 118 - 115. Suppose 0 = 5*o - 4 - 21, -s*y - 2*o = -418. Calculate the highest common divisor of r and y.
34
Suppose -7 = -3*u + 11, 4*d - 5810 = -3*u. Calculate the greatest common divisor of 905 and d.
181
Let a = 15 - 11. Suppose -y + 3*p = y - 141, -2*y + 4*p + 140 = 0. What is the highest common divisor of y and a?
4
Let y = 89 + -51. Let x be (-4 - (-4075)/15) + (-2)/(-6). Suppose 3*p - p + x = j, 0 = p + 1. What is the highest common factor of y and j?
38
Let f be (-1 - 3)*206/(-8). Let r be 75/30 + 34/(-4). Let i be f/5 + r/10. What is the highest common divisor of 200 and i?
20
Let r be -1 + 6297/7 - (-19 + 780/42). Calculate the highest common divisor of 93 and r.
31
Let o(i) = -7*i - 24. Let b be -32 - (-9)/((-36)/16). Let l = -44 - b. Let y be o(l). Calculate the highest common divisor of y and 16.
16
Let w(x) = -x + 40. Let q be w(17). Suppose 2*o + 10 - 44 = 0. Let h = q - o. What is the highest common factor of 2 and h?
2
Let z = -7 + 7. Suppose -4*v + t + 77 = 0, z*t - 64 = -3*v + 2*t. Let n be ((-16)/2 - -20)*2/(-8) + 147. Calculate the highest common factor of n and v.
18
Let o = -238 - -518. Let u(d) = -20*d. Let b be u(-1). What is the greatest common factor of o and b?
20
Let i = -8022 + 8178. Calculate the greatest common divisor of i and 276.
12
Suppose -r + 0*r = -2. Suppose -21 = -0*u - u + 2*y, 0 = -4*u + 4*y + 80. Suppose n + u = r*n. Calculate the greatest common divisor of 76 and n.
19
Let l be 1 + 27 - 1*-4. Suppose -28*j - 288 = -l*j. Calculate the highest common divisor of j and 180.
36
Let d be 14/4*1032/42. Suppose d*p - 78*p = 1904. Calculate the highest common divisor of p and 21.
7
Suppose -c - 18 = -4*c. Suppose 3*z = -4*v + 434, 734 = 5*z - 94*v + 98*v. Calculate the greatest common divisor of c and z.
6
Let r be 196 - ((-6)/(-18) + 2/12*34). Suppose o = 6*o - 190. Calculate the highest common divisor of o and r.
38
Let v(r) = 2*r**2 - 19*r + 66. Let d be v(11). Let b be (3354/24)/13 + 1/4. What is the highest common divisor of b and d?
11
Let s(r) = -105*r**2 - 3*r - 5. Let j be s(-2). Let l = -294 - j. What is the greatest common factor of l and 50?
25
Let j(o) = o**3 - 63*o**2 + 767*o + 101. Let x be j(47). Calculate the highest common factor of 117 and x.
13
Let q = 14695 + -14574. Calculate the greatest common factor of q and 121.
121
Let v be ((11/(-1))/(-1))/((-4)/(-16)). Suppose -4*s + v = 2*k, 3*k - 5*s - 106 = -40. Suppose 13 + 20 = 3*d. What is the greatest common divisor of k and d?
11
Let u(w) = w**3 + 39*w**2 + 127*w - 279. Let a be u(-35). What is the highest common factor of a and 14696?
88
Let f be (42 - 48)/(3/(-5)). Calculate the highest common divisor of f and 1310.
10
Let l(j) = -j**3 + 17*j**2 + 18*j + 4. Let r be l(18). Suppose 0 = 3*i + z - 611, -4*z = -7*i + r*i + 616. What is the greatest common factor of i and 153?
51
Let q be 6 - (10/6 + (-70)/15 - 5). Let p be (3 - 1)/1 - -49. Let l = p - 9. Calculate the highest common divisor of l and q.
14
Suppose 300 = 4*s + 640. Let o be -5 + s/(-20)*4. What is the greatest common divisor of 624 and o?
12
Let u(q) = -4*q**2 + 3. Let f be u(0). Let y = f + 23. Let v(p) = p**2 + 2*p - 2. Let l be v(-5). What is the greatest common divisor of l and y?
13
Let m(f